{"id":313,"date":"2020-11-26T12:46:43","date_gmt":"2020-11-26T12:46:43","guid":{"rendered":"http:\/\/tambourcorps-effeln.de\/?page_id=313"},"modified":"2021-02-17T09:07:22","modified_gmt":"2021-02-17T09:07:22","slug":"aktuelles","status":"publish","type":"page","link":"http:\/\/tambourcorps-effeln.de\/?page_id=313","title":{"rendered":"Aktuelles"},"content":{"rendered":"\t\t<div data-elementor-type=\"wp-page\" data-elementor-id=\"313\" class=\"elementor elementor-313\">\n\t\t\t\t\t\t<section class=\"elementor-section elementor-top-section elementor-element elementor-element-9fa51d6 elementor-section-boxed elementor-section-height-default elementor-section-height-default\" data-id=\"9fa51d6\" data-element_type=\"section\" data-e-type=\"section\">\n\t\t\t\t\t\t<div class=\"elementor-container elementor-column-gap-default\">\n\t\t\t\t\t<div class=\"elementor-column elementor-col-50 elementor-top-column elementor-element elementor-element-4098950\" data-id=\"4098950\" data-element_type=\"column\" data-e-type=\"column\">\n\t\t\t<div class=\"elementor-widget-wrap elementor-element-populated\">\n\t\t\t\t\t\t<div class=\"elementor-element elementor-element-a167055 elementor-widget elementor-widget-image\" data-id=\"a167055\" data-element_type=\"widget\" data-e-type=\"widget\" data-widget_type=\"image.default\">\n\t\t\t\t<div class=\"elementor-widget-container\">\n\t\t\t\t\t\t\t\t\t\t\t\t\t\t\t<img fetchpriority=\"high\" decoding=\"async\" width=\"512\" height=\"512\" src=\"http:\/\/tambourcorps-effeln.de\/wp-content\/uploads\/2020\/08\/cropped-Logo_Tambourcorps_Effeln.jpg\" class=\"attachment-large size-large wp-image-15\" alt=\"\" srcset=\"http:\/\/tambourcorps-effeln.de\/wp-content\/uploads\/2020\/08\/cropped-Logo_Tambourcorps_Effeln.jpg 512w, http:\/\/tambourcorps-effeln.de\/wp-content\/uploads\/2020\/08\/cropped-Logo_Tambourcorps_Effeln-300x300.jpg 300w, http:\/\/tambourcorps-effeln.de\/wp-content\/uploads\/2020\/08\/cropped-Logo_Tambourcorps_Effeln-150x150.jpg 150w, http:\/\/tambourcorps-effeln.de\/wp-content\/uploads\/2020\/08\/cropped-Logo_Tambourcorps_Effeln-75x75.jpg 75w, http:\/\/tambourcorps-effeln.de\/wp-content\/uploads\/2020\/08\/cropped-Logo_Tambourcorps_Effeln-270x270.jpg 270w, http:\/\/tambourcorps-effeln.de\/wp-content\/uploads\/2020\/08\/cropped-Logo_Tambourcorps_Effeln-192x192.jpg 192w, http:\/\/tambourcorps-effeln.de\/wp-content\/uploads\/2020\/08\/cropped-Logo_Tambourcorps_Effeln-180x180.jpg 180w, http:\/\/tambourcorps-effeln.de\/wp-content\/uploads\/2020\/08\/cropped-Logo_Tambourcorps_Effeln-32x32.jpg 32w\" sizes=\"(max-width: 512px) 100vw, 512px\" \/>\t\t\t\t\t\t\t\t\t\t\t\t\t\t\t<\/div>\n\t\t\t\t<\/div>\n\t\t\t\t\t<\/div>\n\t\t<\/div>\n\t\t\t\t<div class=\"elementor-column elementor-col-50 elementor-top-column elementor-element elementor-element-aeedaa2\" data-id=\"aeedaa2\" data-element_type=\"column\" data-e-type=\"column\">\n\t\t\t<div class=\"elementor-widget-wrap elementor-element-populated\">\n\t\t\t\t\t\t<div class=\"elementor-element elementor-element-d8083cb elementor-widget elementor-widget-text-editor\" data-id=\"d8083cb\" data-element_type=\"widget\" data-e-type=\"widget\" data-widget_type=\"text-editor.default\">\n\t\t\t\t<div class=\"elementor-widget-container\">\n\t\t\t\t\t\t\t\t\t<p><b>Absage 100+1-j\u00e4hriges Jubil\u00e4um des Tambourcorps Effeln am 24.04.2021<span class=\"Apple-converted-space\">\u00a0<\/span><\/b><\/p><p>Aufgrund der aktuellen Situation im Zusammenhang mit der Corona-Pandemie m\u00fcssen wir unsere Jubil\u00e4umsfeier leider erneut absagen. Gerne h\u00e4tten wir mit Euch unser Jubil\u00e4um gefeiert, aber die momentan unvorhersehbare Lage l\u00e4sst wenig Hoffnung auf eine Veranstaltung dieser Art im April 2021.<span class=\"Apple-converted-space\">\u00a0<\/span><\/p><p>Die Durchf\u00fchrung des Jubil\u00e4ums k\u00f6nnen wir unter den aktuellen Umst\u00e4nden nicht verantworten. Somit m\u00f6chten wir schweren Herzens f\u00fcr alle G\u00e4ste fr\u00fchzeitig klare Entscheidungen treffen und das Jubil\u00e4um zu diesem Zeitpunkt absagen.<span class=\"Apple-converted-space\">\u00a0<\/span><\/p><p>Wir bedanken uns f\u00fcr Euer Verst\u00e4ndnis und hoffen auf eine Besserung der aktuellen Situation und ein baldiges Wiedersehen in guter musikalischer Gesellschaft.<span class=\"Apple-converted-space\">\u00a0<\/span><\/p><p>Mit musikalischen Gr\u00fc\u00dfen<span class=\"Apple-converted-space\">\u00a0<\/span><\/p><p>Der Vorstand des TC Effeln<span class=\"Apple-converted-space\">\u00a0<\/span><\/p>\t\t\t\t\t\t\t\t<\/div>\n\t\t\t\t<\/div>\n\t\t\t\t\t<\/div>\n\t\t<\/div>\n\t\t\t\t\t<\/div>\n\t\t<\/section>\n\t\t\t\t<section class=\"elementor-section elementor-top-section elementor-element elementor-element-97f09ef elementor-section-boxed elementor-section-height-default elementor-section-height-default\" data-id=\"97f09ef\" data-element_type=\"section\" data-e-type=\"section\">\n\t\t\t\t\t\t<div class=\"elementor-container elementor-column-gap-default\">\n\t\t\t\t\t<div class=\"elementor-column elementor-col-50 elementor-top-column elementor-element elementor-element-a16c759\" data-id=\"a16c759\" data-element_type=\"column\" data-e-type=\"column\">\n\t\t\t<div class=\"elementor-widget-wrap elementor-element-populated\">\n\t\t\t\t\t\t<div class=\"elementor-element elementor-element-3d74ed6 elementor-widget elementor-widget-image\" data-id=\"3d74ed6\" data-element_type=\"widget\" data-e-type=\"widget\" data-widget_type=\"image.default\">\n\t\t\t\t<div class=\"elementor-widget-container\">\n\t\t\t\t\t\t\t\t\t\t\t\t\t\t\t<img decoding=\"async\" width=\"904\" height=\"899\" src=\"http:\/\/tambourcorps-effeln.de\/wp-content\/uploads\/2020\/11\/festschrift.jpg\" class=\"attachment-large size-large wp-image-319\" alt=\"\" srcset=\"http:\/\/tambourcorps-effeln.de\/wp-content\/uploads\/2020\/11\/festschrift.jpg 904w, http:\/\/tambourcorps-effeln.de\/wp-content\/uploads\/2020\/11\/festschrift-300x298.jpg 300w, http:\/\/tambourcorps-effeln.de\/wp-content\/uploads\/2020\/11\/festschrift-150x150.jpg 150w, http:\/\/tambourcorps-effeln.de\/wp-content\/uploads\/2020\/11\/festschrift-768x764.jpg 768w, http:\/\/tambourcorps-effeln.de\/wp-content\/uploads\/2020\/11\/festschrift-75x75.jpg 75w\" sizes=\"(max-width: 904px) 100vw, 904px\" \/>\t\t\t\t\t\t\t\t\t\t\t\t\t\t\t<\/div>\n\t\t\t\t<\/div>\n\t\t\t\t\t<\/div>\n\t\t<\/div>\n\t\t\t\t<div class=\"elementor-column elementor-col-50 elementor-top-column elementor-element elementor-element-ac3354d\" data-id=\"ac3354d\" data-element_type=\"column\" data-e-type=\"column\">\n\t\t\t<div class=\"elementor-widget-wrap elementor-element-populated\">\n\t\t\t\t\t\t<div class=\"elementor-element elementor-element-51dd5bf elementor-widget elementor-widget-text-editor\" data-id=\"51dd5bf\" data-element_type=\"widget\" data-e-type=\"widget\" data-widget_type=\"text-editor.default\">\n\t\t\t\t<div class=\"elementor-widget-container\">\n\t\t\t\t\t\t\t\t\t<p>Die Festschrift zum 100-j\u00e4hrigen Jubil\u00e4um des Tambourcorps Effeln ist im Gasthof Grofe, Effeln, erh\u00e4ltlich.<\/p><p>Aus dem Inhalt:<\/p><p>Die Geschichte des Tambourcorps Effeln<span class=\"Apple-converted-space\">\u00a0<br \/><\/span>Der Vorstand des Tambourcorps Effeln<br \/><span style=\"color: var( --e-global-color-text ); font-family: var( --e-global-typography-text-font-family ), Sans-serif; letter-spacing: 0px;\">Registerfotos<br \/><\/span>Ehrenmitglieder<br \/>Anekdoten<br \/>Ausbildung und Marschaneignung<br \/>Unser Vereinslied\u00a0<br \/>Die Sch\u00fctzenk\u00f6nige des Tambourcorps Effeln<span class=\"Apple-converted-space\">\u00a0\u00a0<br \/><\/span>Repertoire<span class=\"Apple-converted-space\">\u00a0\u00a0<br \/><\/span>Instrumente<span class=\"Apple-converted-space\">\u00a0\u00a0<br \/><\/span>Sch\u00fctzenfest aus der Sicht eines Spielmanns<br \/>Nachgefragt bei \u2026<span class=\"Apple-converted-space\">\u00a0\u00a0<br \/><\/span>Das Vereinslokal Gasthof Grofe<br \/>Ausfl\u00fcge und Touren<span class=\"Apple-converted-space\">\u00a0<br \/><\/span>Unser Trinkspruch<br \/>Statements zum Tambourcorps Effeln<br \/>Das Tambourcorps und der Karneval<br \/>Die Uniformen<br \/>Bisherige Jubelfeste<span class=\"Apple-converted-space\"><br \/><\/span>Danksagungen\/Impressum<\/p><p>\u00a0<\/p>\t\t\t\t\t\t\t\t<\/div>\n\t\t\t\t<\/div>\n\t\t\t\t\t<\/div>\n\t\t<\/div>\n\t\t\t\t\t<\/div>\n\t\t<\/section>\n\t\t\t\t<section class=\"elementor-section elementor-top-section elementor-element elementor-element-76e12f8 elementor-section-boxed elementor-section-height-default elementor-section-height-default\" data-id=\"76e12f8\" data-element_type=\"section\" data-e-type=\"section\">\n\t\t\t\t\t\t<div class=\"elementor-container elementor-column-gap-default\">\n\t\t\t\t\t<div class=\"elementor-column elementor-col-50 elementor-top-column elementor-element elementor-element-276e86f\" data-id=\"276e86f\" data-element_type=\"column\" data-e-type=\"column\">\n\t\t\t<div class=\"elementor-widget-wrap elementor-element-populated\">\n\t\t\t\t\t\t<div class=\"elementor-element elementor-element-b9cea64 elementor-widget elementor-widget-image\" data-id=\"b9cea64\" data-element_type=\"widget\" data-e-type=\"widget\" data-widget_type=\"image.default\">\n\t\t\t\t<div class=\"elementor-widget-container\">\n\t\t\t\t\t\t\t\t\t\t\t\t\t\t\t<img decoding=\"async\" width=\"300\" height=\"300\" src=\"http:\/\/tambourcorps-effeln.de\/wp-content\/uploads\/2020\/08\/Logo_Tambourcorps_Effeln-300x300.jpg\" class=\"attachment-medium size-medium wp-image-14\" alt=\"\" srcset=\"http:\/\/tambourcorps-effeln.de\/wp-content\/uploads\/2020\/08\/Logo_Tambourcorps_Effeln-300x300.jpg 300w, http:\/\/tambourcorps-effeln.de\/wp-content\/uploads\/2020\/08\/Logo_Tambourcorps_Effeln-150x150.jpg 150w, http:\/\/tambourcorps-effeln.de\/wp-content\/uploads\/2020\/08\/Logo_Tambourcorps_Effeln-75x75.jpg 75w, http:\/\/tambourcorps-effeln.de\/wp-content\/uploads\/2020\/08\/Logo_Tambourcorps_Effeln.jpg 512w\" sizes=\"(max-width: 300px) 100vw, 300px\" \/>\t\t\t\t\t\t\t\t\t\t\t\t\t\t\t<\/div>\n\t\t\t\t<\/div>\n\t\t\t\t\t<\/div>\n\t\t<\/div>\n\t\t\t\t<div class=\"elementor-column elementor-col-50 elementor-top-column elementor-element elementor-element-3734d6c\" data-id=\"3734d6c\" data-element_type=\"column\" data-e-type=\"column\">\n\t\t\t<div class=\"elementor-widget-wrap elementor-element-populated\">\n\t\t\t\t\t\t<div class=\"elementor-element elementor-element-2dcd6ef elementor-widget elementor-widget-text-editor\" data-id=\"2dcd6ef\" data-element_type=\"widget\" data-e-type=\"widget\" data-widget_type=\"text-editor.default\">\n\t\t\t\t<div class=\"elementor-widget-container\">\n\t\t\t\t\t\t\t\t\t<p>Wegen der Covid-19-Pandemie fallen derzeit alle \u00dcbungsabende sowie die Auftritte und Gastspiele des Tambourcorps Effeln aus.<\/p>\t\t\t\t\t\t\t\t<\/div>\n\t\t\t\t<\/div>\n\t\t\t\t\t<\/div>\n\t\t<\/div>\n\t\t\t\t\t<\/div>\n\t\t<\/section>\n\t\t\t\t<\/div>\n\t\t","protected":false},"excerpt":{"rendered":"<p>Absage 100+1-j\u00e4hriges Jubil\u00e4um des Tambourcorps Effeln am 24.04.2021\u00a0 Aufgrund der aktuellen Situation im Zusammenhang mit der Corona-Pandemie m\u00fcssen wir unsere Jubil\u00e4umsfeier leider erneut absagen. Gerne h\u00e4tten wir mit Euch unser Jubil\u00e4um gefeiert, aber die momentan unvorhersehbare Lage l\u00e4sst wenig Hoffnung auf eine Veranstaltung dieser Art im April 2021.\u00a0 Die Durchf\u00fchrung des Jubil\u00e4ums k\u00f6nnen wir unter den aktuellen Umst\u00e4nden nicht verantworten. Somit m\u00f6chten wir schweren Herzens f\u00fcr alle G\u00e4ste fr\u00fchzeitig klare Entscheidungen treffen und das Jubil\u00e4um zu diesem Zeitpunkt absagen.\u00a0 Wir bedanken uns f\u00fcr Euer Verst\u00e4ndnis und hoffen auf eine Besserung der aktuellen Situation und ein baldiges Wiedersehen in guter musikalischer Gesellschaft.\u00a0 Mit musikalischen Gr\u00fc\u00dfen\u00a0 Der Vorstand des TC Effeln\u00a0 Die Festschrift zum 100-j\u00e4hrigen Jubil\u00e4um des Tambourcorps Effeln ist im Gasthof Grofe, Effeln, erh\u00e4ltlich. Aus dem Inhalt: Die Geschichte des Tambourcorps Effeln\u00a0Der Vorstand des Tambourcorps EffelnRegisterfotosEhrenmitgliederAnekdotenAusbildung und MarschaneignungUnser Vereinslied\u00a0Die Sch\u00fctzenk\u00f6nige des Tambourcorps Effeln\u00a0\u00a0Repertoire\u00a0\u00a0Instrumente\u00a0\u00a0Sch\u00fctzenfest aus der Sicht eines SpielmannsNachgefragt bei \u2026\u00a0\u00a0Das Vereinslokal Gasthof GrofeAusfl\u00fcge und Touren\u00a0Unser TrinkspruchStatements zum Tambourcorps EffelnDas Tambourcorps und der KarnevalDie UniformenBisherige JubelfesteDanksagungen\/Impressum \u00a0 Wegen der Covid-19-Pandemie fallen derzeit alle \u00dcbungsabende sowie die Auftritte und Gastspiele des Tambourcorps Effeln aus.<\/p>\n","protected":false},"author":1,"featured_media":0,"parent":0,"menu_order":0,"comment_status":"closed","ping_status":"closed","template":"elementor_header_footer","meta":{"footnotes":""},"class_list":["post-313","page","type-page","status-publish","hentry"],"_links":{"self":[{"href":"http:\/\/tambourcorps-effeln.de\/index.php?rest_route=\/wp\/v2\/pages\/313","targetHints":{"allow":["GET"]}}],"collection":[{"href":"http:\/\/tambourcorps-effeln.de\/index.php?rest_route=\/wp\/v2\/pages"}],"about":[{"href":"http:\/\/tambourcorps-effeln.de\/index.php?rest_route=\/wp\/v2\/types\/page"}],"author":[{"embeddable":true,"href":"http:\/\/tambourcorps-effeln.de\/index.php?rest_route=\/wp\/v2\/users\/1"}],"replies":[{"embeddable":true,"href":"http:\/\/tambourcorps-effeln.de\/index.php?rest_route=%2Fwp%2Fv2%2Fcomments&post=313"}],"version-history":[{"count":10,"href":"http:\/\/tambourcorps-effeln.de\/index.php?rest_route=\/wp\/v2\/pages\/313\/revisions"}],"predecessor-version":[{"id":349,"href":"http:\/\/tambourcorps-effeln.de\/index.php?rest_route=\/wp\/v2\/pages\/313\/revisions\/349"}],"wp:attachment":[{"href":"http:\/\/tambourcorps-effeln.de\/index.php?rest_route=%2Fwp%2Fv2%2Fmedia&parent=313"}],"curies":[{"name":"wp","href":"https:\/\/api.w.org\/{rel}","templated":true}]}}

<div data-elementor-type="wp-page" data-elementor-id="313" class="elementor elementor-313">
						<section class="elementor-section elementor-top-section elementor-element elementor-element-9fa51d6 elementor-section-boxed elementor-section-height-default elementor-section-height-default" data-id="9fa51d6" data-element_type="section" data-e-type="section">
						<div class="elementor-container elementor-column-gap-default">
					<div class="elementor-column elementor-col-50 elementor-top-column elementor-element elementor-element-4098950" data-id="4098950" data-element_type="column" data-e-type="column">
			<div class="elementor-widget-wrap elementor-element-populated">
						<div class="elementor-element elementor-element-a167055 elementor-widget elementor-widget-image" data-id="a167055" data-element_type="widget" data-e-type="widget" data-widget_type="image.default">
				<div class="elementor-widget-container">
															<img fetchpriority="high" decoding="async" width="512" height="512" src="http://tambourcorps-effeln.de/wp-content/uploads/2020/08/cropped-Logo_Tambourcorps_Effeln.jpg" class="attachment-large size-large wp-image-15" alt="" srcset="http://tambourcorps-effeln.de/wp-content/uploads/2020/08/cropped-Logo_Tambourcorps_Effeln.jpg 512w, http://tambourcorps-effeln.de/wp-content/uploads/2020/08/cropped-Logo_Tambourcorps_Effeln-300x300.jpg 300w, http://tambourcorps-effeln.de/wp-content/uploads/2020/08/cropped-Logo_Tambourcorps_Effeln-150x150.jpg 150w, http://tambourcorps-effeln.de/wp-content/uploads/2020/08/cropped-Logo_Tambourcorps_Effeln-75x75.jpg 75w, http://tambourcorps-effeln.de/wp-content/uploads/2020/08/cropped-Logo_Tambourcorps_Effeln-270x270.jpg 270w, http://tambourcorps-effeln.de/wp-content/uploads/2020/08/cropped-Logo_Tambourcorps_Effeln-192x192.jpg 192w, http://tambourcorps-effeln.de/wp-content/uploads/2020/08/cropped-Logo_Tambourcorps_Effeln-180x180.jpg 180w, http://tambourcorps-effeln.de/wp-content/uploads/2020/08/cropped-Logo_Tambourcorps_Effeln-32x32.jpg 32w" sizes="(max-width: 512px) 100vw, 512px" />															</div>
				</div>
					</div>
		</div>
				<div class="elementor-column elementor-col-50 elementor-top-column elementor-element elementor-element-aeedaa2" data-id="aeedaa2" data-element_type="column" data-e-type="column">
			<div class="elementor-widget-wrap elementor-element-populated">
						<div class="elementor-element elementor-element-d8083cb elementor-widget elementor-widget-text-editor" data-id="d8083cb" data-element_type="widget" data-e-type="widget" data-widget_type="text-editor.default">
				<div class="elementor-widget-container">
									<p><b>Absage 100+1-jähriges Jubiläum des Tambourcorps Effeln am 24.04.2021<span class="Apple-converted-space"> </span></b></p><p>Aufgrund der aktuellen Situation im Zusammenhang mit der Corona-Pandemie müssen wir unsere Jubiläumsfeier leider erneut absagen. Gerne hätten wir mit Euch unser Jubiläum gefeiert, aber die momentan unvorhersehbare Lage lässt wenig Hoffnung auf eine Veranstaltung dieser Art im April 2021.<span class="Apple-converted-space"> </span></p><p>Die Durchführung des Jubiläums können wir unter den aktuellen Umständen nicht verantworten. Somit möchten wir schweren Herzens für alle Gäste frühzeitig klare Entscheidungen treffen und das Jubiläum zu diesem Zeitpunkt absagen.<span class="Apple-converted-space"> </span></p><p>Wir bedanken uns für Euer Verständnis und hoffen auf eine Besserung der aktuellen Situation und ein baldiges Wiedersehen in guter musikalischer Gesellschaft.<span class="Apple-converted-space"> </span></p><p>Mit musikalischen Grüßen<span class="Apple-converted-space"> </span></p><p>Der Vorstand des TC Effeln<span class="Apple-converted-space"> </span></p>								</div>
				</div>
					</div>
		</div>
					</div>
		</section>
				<section class="elementor-section elementor-top-section elementor-element elementor-element-97f09ef elementor-section-boxed elementor-section-height-default elementor-section-height-default" data-id="97f09ef" data-element_type="section" data-e-type="section">
						<div class="elementor-container elementor-column-gap-default">
					<div class="elementor-column elementor-col-50 elementor-top-column elementor-element elementor-element-a16c759" data-id="a16c759" data-element_type="column" data-e-type="column">
			<div class="elementor-widget-wrap elementor-element-populated">
						<div class="elementor-element elementor-element-3d74ed6 elementor-widget elementor-widget-image" data-id="3d74ed6" data-element_type="widget" data-e-type="widget" data-widget_type="image.default">
				<div class="elementor-widget-container">
															<img decoding="async" width="904" height="899" src="http://tambourcorps-effeln.de/wp-content/uploads/2020/11/festschrift.jpg" class="attachment-large size-large wp-image-319" alt="" srcset="http://tambourcorps-effeln.de/wp-content/uploads/2020/11/festschrift.jpg 904w, http://tambourcorps-effeln.de/wp-content/uploads/2020/11/festschrift-300x298.jpg 300w, http://tambourcorps-effeln.de/wp-content/uploads/2020/11/festschrift-150x150.jpg 150w, http://tambourcorps-effeln.de/wp-content/uploads/2020/11/festschrift-768x764.jpg 768w, http://tambourcorps-effeln.de/wp-content/uploads/2020/11/festschrift-75x75.jpg 75w" sizes="(max-width: 904px) 100vw, 904px" />															</div>
				</div>
					</div>
		</div>
				<div class="elementor-column elementor-col-50 elementor-top-column elementor-element elementor-element-ac3354d" data-id="ac3354d" data-element_type="column" data-e-type="column">
			<div class="elementor-widget-wrap elementor-element-populated">
						<div class="elementor-element elementor-element-51dd5bf elementor-widget elementor-widget-text-editor" data-id="51dd5bf" data-element_type="widget" data-e-type="widget" data-widget_type="text-editor.default">
				<div class="elementor-widget-container">
									<p>Die Festschrift zum 100-jährigen Jubiläum des Tambourcorps Effeln ist im Gasthof Grofe, Effeln, erhältlich.</p><p>Aus dem Inhalt:</p><p>Die Geschichte des Tambourcorps Effeln<span class="Apple-converted-space"> <br /></span>Der Vorstand des Tambourcorps Effeln<br /><span style="color: var( --e-global-color-text ); font-family: var( --e-global-typography-text-font-family ), Sans-serif; letter-spacing: 0px;">Registerfotos<br /></span>Ehrenmitglieder<br />Anekdoten<br />Ausbildung und Marschaneignung<br />Unser Vereinslied <br />Die Schützenkönige des Tambourcorps Effeln<span class="Apple-converted-space">  <br /></span>Repertoire<span class="Apple-converted-space">  <br /></span>Instrumente<span class="Apple-converted-space">  <br /></span>Schützenfest aus der Sicht eines Spielmanns<br />Nachgefragt bei …<span class="Apple-converted-space">  <br /></span>Das Vereinslokal Gasthof Grofe<br />Ausflüge und Touren<span class="Apple-converted-space"> <br /></span>Unser Trinkspruch<br />Statements zum Tambourcorps Effeln<br />Das Tambourcorps und der Karneval<br />Die Uniformen<br />Bisherige Jubelfeste<span class="Apple-converted-space"><br /></span>Danksagungen/Impressum</p><p> </p>								</div>
				</div>
					</div>
		</div>
					</div>
		</section>
				<section class="elementor-section elementor-top-section elementor-element elementor-element-76e12f8 elementor-section-boxed elementor-section-height-default elementor-section-height-default" data-id="76e12f8" data-element_type="section" data-e-type="section">
						<div class="elementor-container elementor-column-gap-default">
					<div class="elementor-column elementor-col-50 elementor-top-column elementor-element elementor-element-276e86f" data-id="276e86f" data-element_type="column" data-e-type="column">
			<div class="elementor-widget-wrap elementor-element-populated">
						<div class="elementor-element elementor-element-b9cea64 elementor-widget elementor-widget-image" data-id="b9cea64" data-element_type="widget" data-e-type="widget" data-widget_type="image.default">
				<div class="elementor-widget-container">
															<img decoding="async" width="300" height="300" src="http://tambourcorps-effeln.de/wp-content/uploads/2020/08/Logo_Tambourcorps_Effeln-300x300.jpg" class="attachment-medium size-medium wp-image-14" alt="" srcset="http://tambourcorps-effeln.de/wp-content/uploads/2020/08/Logo_Tambourcorps_Effeln-300x300.jpg 300w, http://tambourcorps-effeln.de/wp-content/uploads/2020/08/Logo_Tambourcorps_Effeln-150x150.jpg 150w, http://tambourcorps-effeln.de/wp-content/uploads/2020/08/Logo_Tambourcorps_Effeln-75x75.jpg 75w, http://tambourcorps-effeln.de/wp-content/uploads/2020/08/Logo_Tambourcorps_Effeln.jpg 512w" sizes="(max-width: 300px) 100vw, 300px" />															</div>
				</div>
					</div>
		</div>
				<div class="elementor-column elementor-col-50 elementor-top-column elementor-element elementor-element-3734d6c" data-id="3734d6c" data-element_type="column" data-e-type="column">
			<div class="elementor-widget-wrap elementor-element-populated">
						<div class="elementor-element elementor-element-2dcd6ef elementor-widget elementor-widget-text-editor" data-id="2dcd6ef" data-element_type="widget" data-e-type="widget" data-widget_type="text-editor.default">
				<div class="elementor-widget-container">
									<p>Wegen der Covid-19-Pandemie fallen derzeit alle Übungsabende sowie die Auftritte und Gastspiele des Tambourcorps Effeln aus.</p>								</div>
				</div>
					</div>
		</div>
					</div>
		</section>
				</div>

<p>Absage 100+1-jähriges Jubiläum des Tambourcorps Effeln am 24.04.2021  Aufgrund der aktuellen Situation im Zusammenhang mit der Corona-Pandemie müssen wir unsere Jubiläumsfeier leider erneut absagen. Gerne hätten wir mit Euch unser Jubiläum gefeiert, aber die momentan unvorhersehbare Lage lässt wenig Hoffnung auf eine Veranstaltung dieser Art im April 2021.  Die Durchführung des Jubiläums können wir unter den aktuellen Umständen nicht verantworten. Somit möchten wir schweren Herzens für alle Gäste frühzeitig klare Entscheidungen treffen und das Jubiläum zu diesem Zeitpunkt absagen.  Wir bedanken uns für Euer Verständnis und hoffen auf eine Besserung der aktuellen Situation und ein baldiges Wiedersehen in guter musikalischer Gesellschaft.  Mit musikalischen Grüßen  Der Vorstand des TC Effeln  Die Festschrift zum 100-jährigen Jubiläum des Tambourcorps Effeln ist im Gasthof Grofe, Effeln, erhältlich. Aus dem Inhalt: Die Geschichte des Tambourcorps Effeln Der Vorstand des Tambourcorps EffelnRegisterfotosEhrenmitgliederAnekdotenAusbildung und MarschaneignungUnser Vereinslied Die Schützenkönige des Tambourcorps Effeln  Repertoire  Instrumente  Schützenfest aus der Sicht eines SpielmannsNachgefragt bei …  Das Vereinslokal Gasthof GrofeAusflüge und Touren Unser TrinkspruchStatements zum Tambourcorps EffelnDas Tambourcorps und der KarnevalDie UniformenBisherige JubelfesteDanksagungen/Impressum   Wegen der Covid-19-Pandemie fallen derzeit alle Übungsabende sowie die Auftritte und Gastspiele des Tambourcorps Effeln aus.</p>
